{"id":27471,"date":"2020-05-18T17:33:54","date_gmt":"2020-05-18T20:33:54","guid":{"rendered":"http:\/\/audiofb.com\/?post_type=product&#038;p=27471"},"modified":"2025-05-17T20:02:45","modified_gmt":"2025-05-17T23:02:45","slug":"waterloo","status":"publish","type":"product","link":"https:\/\/audiofb.com\/home\/plugin\/waterloo\/","title":{"rendered":"WATERLOO signature GreenBox &#8211; Opto Compressor"},"content":{"rendered":"<p>&nbsp;<\/p>\r\n<p><img decoding=\"async\" loading=\"lazy\" class=\"aligncenter wp-image-33489 size-large\" src=\"http:\/\/audiofb.com\/wp-content\/uploads\/2020\/05\/waterloo_white_3d-1024x441.png\" alt=\"\" width=\"1024\" height=\"441\" srcset=\"https:\/\/audiofb.com\/home\/wp-content\/uploads\/2020\/05\/waterloo_white_3d-1024x441.png 1024w, https:\/\/audiofb.com\/home\/wp-content\/uploads\/2020\/05\/waterloo_white_3d-600x259.png 600w, https:\/\/audiofb.com\/home\/wp-content\/uploads\/2020\/05\/waterloo_white_3d-900x388.png 900w, https:\/\/audiofb.com\/home\/wp-content\/uploads\/2020\/05\/waterloo_white_3d-300x129.png 300w, https:\/\/audiofb.com\/home\/wp-content\/uploads\/2020\/05\/waterloo_white_3d-768x331.png 768w, https:\/\/audiofb.com\/home\/wp-content\/uploads\/2020\/05\/waterloo_white_3d.png 1439w\" sizes=\"(max-width: 1024px) 100vw, 1024px\" \/><\/p>\r\n<hr \/>\r\n<p><span style=\"color: #333333;\"><strong>Waterloo<\/strong><\/span><\/p>\r\n<p><span style=\"color: #333333;\">Compressor inspired by the opto Waterloo compressor hardware, developed by brazilian company Greenbox. <\/span><\/p>\r\n<p><span style=\"color: #333333;\">Waterloo is opto-compressor that offers three front controls with a very transparent audio signal. With the Threshold and Ratio controls you can achieve an incredible range of sounds. After compressing as desired, it is possible to compensate the gain with the Output Gain control. The other compression parameters are fixed, predetermined to act correctly, regardless of how the other controls are used. \u00a0<\/span><\/p>\r\n<p>&nbsp;<\/p>\r\n<p><span style=\"color: #333333;\"><span style=\"font-size: 1em;\">\u2022 Att &#8211; Attack fixed at 1.1ms<\/span> <\/span><\/p>\r\n<p><span style=\"color: #333333;\"><span style=\"font-size: 1em;\">\u2022 Rel &#8211; Relase fixed at 0.35s<\/span> <\/span><\/p>\r\n<p><span style=\"color: #333333;\"><span style=\"font-size: 1em;\">\u2022 Thereshold &#8211; with decibel range from 0db to -20db.<\/span> <\/span><\/p>\r\n<p><span style=\"color: #333333;\"><span style=\"font-size: 1em;\">\u2022 Ratio &#8211; Compression ratio, ranging from 2:1 to 10:1.<\/span> <\/span><\/p>\r\n<p><span style=\"color: #333333;\"><span style=\"font-size: 1em;\">\u2022 Output &#8211; Output signal gain control max. +15db.<\/span><\/span><\/p>\r\n<div class=\"column\"><span style=\"color: #333333;\">\u00a0<\/span>\r\n<p class=\"p1\"><span style=\"color: #333333;\">All AudioFB Plug-ins are available for Mac OS and Windows. Installers contain plug-ins in 64 bit version for the following formats:<\/span><\/p>\r\n<\/div>\r\n<div class=\"column\"><span style=\"color: #333333;\"><\/span>VST \/ VST3 \/ AAX\u00a0for Windows.VST \/ VST3 \/ AU AAX for Mac.\r\n<h6 class=\"p1\"><span style=\"color: #333333;\"><\/span><\/h6>\r\n<h6>\u00a0<\/h6>\r\n<ul>\r\n<li class=\"p1\" style=\"text-align: left;\"><span style=\"color: #333333;\">\u00a0Internet connection required for product activation.<\/span><\/li>\r\n<li class=\"p1\" style=\"text-align: left;\"><span style=\"color: #333333;\">\u00a0Minimum Systems Required: <strong>Win 8.1 \/ OSX 10.13<\/strong><\/span><\/li>\r\n<li style=\"text-align: left;\"><span style=\"color: #333333;\">\u00a0Questions? suggestions? send an email <a style=\"color: #333333;\" href=\"mailto:salve@audiofb.com\"><span class=\"s1\">salve@audiofb.com<\/span><\/a><\/span><\/li>\r\n<\/ul>\r\n<h6><span style=\"color: #333333;\"><input name=\"cmd\" type=\"hidden\" value=\"_s-xclick\" \/><\/span><\/h6>\r\n<span style=\"color: #333333;\">To learn more about Waterloo hardware visit:<\/span> <strong><span style=\"color: #339966;\"><a style=\"color: #339966;\" href=\"https:\/\/www.greenboxproaudio.com.br\/waterloocompressor\">www.greenboxproaudio.com.br\/waterloocompressor<\/a><\/span><\/strong> \u00a0<\/div>\r\n<p>&nbsp;<\/p>\r\n<hr \/>\r\n<h6>\u00a0<\/h6>\r\n<p><img decoding=\"async\" loading=\"lazy\" class=\"aligncenter size-full wp-image-33490\" src=\"http:\/\/audiofb.com\/wp-content\/uploads\/2020\/05\/waterloo-layout-.png\" alt=\"\" width=\"800\" height=\"110\" srcset=\"https:\/\/audiofb.com\/home\/wp-content\/uploads\/2020\/05\/waterloo-layout-.png 800w, https:\/\/audiofb.com\/home\/wp-content\/uploads\/2020\/05\/waterloo-layout--600x83.png 600w, https:\/\/audiofb.com\/home\/wp-content\/uploads\/2020\/05\/waterloo-layout--580x80.png 580w, https:\/\/audiofb.com\/home\/wp-content\/uploads\/2020\/05\/waterloo-layout--300x41.png 300w, https:\/\/audiofb.com\/home\/wp-content\/uploads\/2020\/05\/waterloo-layout--768x106.png 768w\" sizes=\"(max-width: 800px) 100vw, 800px\" \/><\/p>\r\n<p>&nbsp;<\/p>\r\n<p style=\"text-align: left;\"><span style=\"color: #333333;\">Compressor inspirado no compressor opto Waterloo f\u00edsico, desenvolvido pela empresa brasileira Greenbox.<\/span><\/p>\r\n<p style=\"text-align: left;\"><span style=\"color: #333333;\"><span class=\"theme-text-color-0-4\">O Waterloo oferece tr\u00eas controles frontais com um sinal de \u00e1udio muito transparente. <\/span><span class=\"theme-text-color-0-4\">Com os controles de Threshold e Ratio \u00e9 poss\u00edvel alcan\u00e7ar uma gama incr\u00edvel de sonoridades. Ap\u00f3s comprimir da forma desejada, \u00e9 poss\u00edvel compensar o ganho com o controle\u00a0de Output Gain. <\/span><\/span><span class=\"theme-text-color-0-4\" style=\"color: #333333;\">Os demais par\u00e2metros de compress\u00e3o s\u00e3o fixos, pr\u00e9-determinados para atuarem corretamente, <\/span><span class=\"theme-text-color-0-4\" style=\"color: #333333;\">independentemente de como os demais controles forem usados.<\/span><\/p>\r\n<p><span style=\"color: #333333;\">\u2022 Att \u2013 Ataque fixado em aproximadamente 1.1ms.<\/span><\/p>\r\n<p><span style=\"color: #333333;\">\u2022 Rel \u2013 Release fixado em aproximadamente 0.35s.<\/span><\/p>\r\n<p><span style=\"color: #333333;\">\u2022 Threshold \u2013 com variac\u0327a\u0303o em decibel de 0db a\u0300 -20db.<\/span><\/p>\r\n<p><span style=\"color: #333333;\">\u2022 Ratio \u2013 Taxa de compressa\u0303o de 2:1 ate\u0301 10:1.<\/span><\/p>\r\n<p><span style=\"color: #333333;\">\u2022 Output &#8211; Controle de ganho no sinal de sa\u00edda com m\u00e1x. de +15db.<\/span><\/p>\r\n<div>\u00a0<\/div>\r\n<p>&nbsp;<\/p>\r\n<p style=\"text-align: left;\"><span style=\"color: #333333;\">Todos os Plug-ins est\u00e3o dispon\u00edveis para MAC OSX e Windows. Os instaladores cont\u00eam plug-ins <b>64 bit<\/b> e est\u00e3o dispon\u00edveis os seguintes formatos:<\/span><\/p>\r\n<p>&nbsp;<\/p>\r\n<p><span style=\"color: #333333;\">VST \/ VST3 \/ AU \/ AAX para Windows.<\/span><\/p>\r\n<p><span style=\"color: #333333;\">VST \/ VST3 \/ AAX para Mac.<\/span><\/p>\r\n<p>&nbsp;<\/p>\r\n<ul>\r\n<li class=\"p1\"><span style=\"color: #333333;\">\u00a0Internet requerida para ativa\u00e7\u00e3o.<\/span><\/li>\r\n<li class=\"p1\"><span style=\"color: #333333;\">\u00a0Sistema minimo requerido:\u00a0<strong>Win 8.1 \/ OSX 10.13<\/strong><\/span><\/li>\r\n<li><span style=\"color: #333333;\">\u00a0D\u00favidas? Sugest\u00f5es? Envie um email para\u00a0<a style=\"color: #333333;\" href=\"mailto:salve@audiofb.com\"><span class=\"s1\">salve@audiofb.com<\/span><\/a><\/span><\/li>\r\n<\/ul>\r\n<h6 class=\"p1\"><span style=\"color: #333333;\"><!-- \/wp:paragraph --><\/span><\/h6>\r\n<p><span style=\"color: #333333;\">Para conhecer o hardware Waterloo acesse:<\/span> <strong><span style=\"color: #339966;\"><a style=\"color: #339966;\" href=\"https:\/\/www.greenboxproaudio.com.br\/waterloocompressor\">www.greenboxproaudio.com.br\/waterloocompressor<\/a><\/span><\/strong> <img decoding=\"async\" loading=\"lazy\" src=\"https:\/\/www.paypal.com\/en_BR\/i\/scr\/pixel.gif\" alt=\"\" width=\"1\" height=\"1\" border=\"0\" \/><\/p>\r\n<p>&nbsp;<\/p>\r\n<p>&nbsp;<\/p>","protected":false},"excerpt":{"rendered":"<p>&nbsp; Waterloo Compressor inspired by the opto Waterloo compressor hardware, developed by brazilian company Greenbox. Waterloo is opto-compressor that offers three front controls with a very transparent audio signal. With the Threshold and Ratio controls you can achieve an incredible range of sounds. After compressing as desired, it is possible to compensate the gain with [&hellip;]<\/p>\n","protected":false},"featured_media":40464,"comment_status":"open","ping_status":"closed","template":"","meta":[],"product_cat":[15,23],"product_tag":[],"_links":{"self":[{"href":"https:\/\/audiofb.com\/home\/wp-json\/wp\/v2\/product\/27471"}],"collection":[{"href":"https:\/\/audiofb.com\/home\/wp-json\/wp\/v2\/product"}],"about":[{"href":"https:\/\/audiofb.com\/home\/wp-json\/wp\/v2\/types\/product"}],"replies":[{"embeddable":true,"href":"https:\/\/audiofb.com\/home\/wp-json\/wp\/v2\/comments?post=27471"}],"wp:featuredmedia":[{"embeddable":true,"href":"https:\/\/audiofb.com\/home\/wp-json\/wp\/v2\/media\/40464"}],"wp:attachment":[{"href":"https:\/\/audiofb.com\/home\/wp-json\/wp\/v2\/media?parent=27471"}],"wp:term":[{"taxonomy":"product_cat","embeddable":true,"href":"https:\/\/audiofb.com\/home\/wp-json\/wp\/v2\/product_cat?post=27471"},{"taxonomy":"product_tag","embeddable":true,"href":"https:\/\/audiofb.com\/home\/wp-json\/wp\/v2\/product_tag?post=27471"}],"curies":[{"name":"wp","href":"https:\/\/api.w.org\/{rel}","templated":true}]}}