{"id":18700,"date":"2020-04-18T20:12:51","date_gmt":"2020-04-18T23:12:51","guid":{"rendered":"http:\/\/audiofb.com\/?post_type=product&#038;p=18700"},"modified":"2025-10-02T12:27:54","modified_gmt":"2025-10-02T15:27:54","slug":"dagas-stripteaser","status":"publish","type":"product","link":"https:\/\/audiofb.com\/home\/plugin\/dagas-stripteaser\/","title":{"rendered":"Daga&#8217;s StripTeaser : Signature Channelstrip"},"content":{"rendered":"<p>\u00a0 <span style=\"color: #333333;\"><img decoding=\"async\" loading=\"lazy\" class=\"aligncenter size-large wp-image-33492\" src=\"http:\/\/audiofb.com\/wp-content\/uploads\/2020\/04\/STUDIO_DAGAS_lateral_BCO_site_PT_2-1024x513.jpg\" alt=\"\" width=\"1024\" height=\"513\" srcset=\"https:\/\/audiofb.com\/home\/wp-content\/uploads\/2020\/04\/STUDIO_DAGAS_lateral_BCO_site_PT_2-1024x513.jpg 1024w, https:\/\/audiofb.com\/home\/wp-content\/uploads\/2020\/04\/STUDIO_DAGAS_lateral_BCO_site_PT_2-600x300.jpg 600w, https:\/\/audiofb.com\/home\/wp-content\/uploads\/2020\/04\/STUDIO_DAGAS_lateral_BCO_site_PT_2-900x450.jpg 900w, https:\/\/audiofb.com\/home\/wp-content\/uploads\/2020\/04\/STUDIO_DAGAS_lateral_BCO_site_PT_2-300x150.jpg 300w, https:\/\/audiofb.com\/home\/wp-content\/uploads\/2020\/04\/STUDIO_DAGAS_lateral_BCO_site_PT_2-768x384.jpg 768w, https:\/\/audiofb.com\/home\/wp-content\/uploads\/2020\/04\/STUDIO_DAGAS_lateral_BCO_site_PT_2-1536x769.jpg 1536w, https:\/\/audiofb.com\/home\/wp-content\/uploads\/2020\/04\/STUDIO_DAGAS_lateral_BCO_site_PT_2.jpg 1920w\" sizes=\"(max-width: 1024px) 100vw, 1024px\" \/><\/span><\/p>\r\n<p class=\"p1\" style=\"text-align: left;\"><span style=\"color: #333333;\">Daga&#8217;s StripTeaser is a channelstrip developed for all styles of mixing. Designed by producer brothers Adriano and Giu Daga in partnership with AudioFB, StripTeaser becomes the first Brazilian plug-in to be signed by major music producers.<\/span><\/p>\r\n<p>&nbsp;<\/p>\r\n<p class=\"p1\" style=\"text-align: left;\"><span style=\"color: #333333;\">The Stripteaser has a multi-effect rack with:<\/span><\/p>\r\n<p class=\"p1\" style=\"text-align: left;\"><span style=\"color: #333333;\">4-band equalizer, where the extreme bands can be switched to bell or shelf types, &#8216;high pass&#8217; filter with option of 12db \/ octave or 24db \/ octave and &#8216;low pass&#8217; filter.<\/span><\/p>\r\n<p class=\"p1\" style=\"text-align: left;\"><span style=\"color: #333333;\">Versatile compressor with Threshold, Ratio, Attack, Release control, a post compression gain control and also has a control that allows you to switch between compression after equalization or equalization after compression.<\/span><\/p>\r\n<p class=\"p1\" style=\"text-align: left;\"><span style=\"color: #333333;\">Drive, this plugin module allows you to add a fuzz-like saturation to your track, Tone is an exciter between low and high frequencies. This effect contains an on \/ off button.<\/span><\/p>\r\n<p class=\"p1\" style=\"text-align: left;\"><span style=\"color: #333333;\">Low pass filter with resonance is a charm in our plug-in, the first control of this effect determines the type of filter to be used, the second control the frequency reached by the filter. The third control works only with the Resony mode and controls the resonance intensity.<\/span><\/p>\r\n<p class=\"p1\" style=\"text-align: left;\"><span style=\"color: #333333;\">Finally, a general volume master ranging from -12db to + 12db.<\/span><\/p>\r\n<h6><span style=\"color: #333333;\"><i>\u201cTogether with AudioFB, we managed to gather everything I use most in my mixes in this Plug-in. In addition to being super versatile, it also brings a more modern sound to my productions.\u201d<\/i><\/span><\/h6>\r\n<p class=\"p1\" style=\"text-align: left;\"><span style=\"color: #333333;\">Giu Daga &#8211; Music Producer \/ Mixing and Recording Engineer (Midas Studios)<\/span><\/p>\r\n<p><span style=\"color: #333333;\"><b>\u00a0<\/b><\/span><\/p>\r\n<h6 class=\"p1\"><span style=\"color: #333333;\"><i>\u201cWe are proud to have managed to develop together with AudioFB the first national plugin with our signature and our personality, full of possibilities and very versatile.\u201d<\/i><\/span><\/h6>\r\n<p class=\"p1\" style=\"text-align: left;\"><span style=\"color: #333333;\">Adriano Daga &#8211; Music Producer \/ Mixing and Recording Engineer (Daga Music House Label)<\/span><\/p>\r\n<p>&nbsp;<\/p>\r\n<p class=\"p1\" style=\"text-align: left;\"><span style=\"color: #333333;\">All AudioFB Plug-ins are available for Mac OS and Windows. Installers contain plug-ins in 64 bit version for the formats:<\/span><\/p>\r\n<p><span style=\"color: #333333;\"><\/span> <span style=\"color: #333333;\"><\/span> \u00a0 <span style=\"color: #333333;\">VST \/ VST3 \/ AAX\u00a0for Windows.<\/span> <span style=\"color: #333333;\">VST \/ VST3 \/ AU AAX for Mac.<\/span><\/p>\r\n<p class=\"p1\"><span style=\"color: #333333;\"><\/span><\/p>\r\n<p>&nbsp;<\/p>\r\n<ul>\r\n<li class=\"p1\" style=\"text-align: left;\"><span style=\"color: #333333;\">\u00a0Internet connection required for product activation.<\/span><\/li>\r\n<li class=\"p1\" style=\"text-align: left;\"><span style=\"color: #333333;\">\u00a0Minimum Systems Required: <strong>Win 8.1 \/ OSX 10.13<\/strong><\/span><\/li>\r\n<li style=\"text-align: left;\"><span style=\"color: #333333;\">\u00a0Questions? suggestions? send an email <a style=\"color: #333333;\" href=\"mailto:salve@audiofb.com\"><span class=\"s1\">salve@audiofb.com<\/span><\/a><\/span><\/li>\r\n<\/ul>\r\n<p>&nbsp;<\/p>\r\n<hr \/>\r\n<p><iframe loading=\"lazy\" title=\"AudioFB Daga&#039;s StripTeaser\" width=\"1440\" height=\"810\" src=\"https:\/\/www.youtube.com\/embed\/NrO1yGyUI48?feature=oembed\" frameborder=\"0\" allow=\"accelerometer; autoplay; clipboard-write; encrypted-media; gyroscope; picture-in-picture; web-share\" referrerpolicy=\"strict-origin-when-cross-origin\" allowfullscreen><\/iframe><\/p>\r\n<p><span style=\"color: #333333;\">O Daga&#8217;s StripTeaser \u00e9 um <em>channelstrip<\/em> desenvolvido para atender todas as necessidades da mixagem. <\/span><span style=\"color: #333333;\">Pensado e projetado pelos irm\u00e3os produtores Adriano e Giu Daga em parceria com a AudioFB, o StripTeaser se torna o primeiro plug-in brasileiro a levar assinatura de produtores renomados do cen\u00e1rio musical.<\/span> \u00a0<\/p>\r\n<p><span style=\"color: #333333;\">O Stripteaser tem um rack multi-efeito com:<\/span><\/p>\r\n<p><span style=\"color: #333333;\">Equalizador de 4 bandas, onde as bandas extremas podem ser alternadas para os tipos <em>bell<\/em> ou <em>shelf<\/em>, filtro &#8216;passa alta&#8217; com op\u00e7\u00e3o de 12db\/oitava ou 24db\/oitava e filtro &#8216;passa baixa&#8217;.\u00a0<\/span><\/p>\r\n<p><span style=\"color: #333333;\">Compressor vers\u00e1til com controle de <em>Thershold, Ratio, Attack, Release\u00a0<\/em>um controle de ganho p\u00f3s compress\u00e3o e ainda conta com controle que permite alternar entre compress\u00e3o p\u00f3s equaliza\u00e7\u00e3o ou equaliza\u00e7\u00e3o p\u00f3s compress\u00e3o.<\/span><\/p>\r\n<p><span style=\"color: #333333;\"><em>Drive,\u00a0<\/em>esse m\u00f3dulo do plugin permite adicionar uma satura\u00e7\u00e3o do tipo <em>fuzz <\/em>a sua track, <em>Tone\u00a0<\/em>\u00e9 um exciter entre as frequ\u00eancias baixas e altas. Esse efeito cont\u00e9m um bot\u00e3o de liga\/desliga.<\/span><\/p>\r\n<p><span style=\"color: #333333;\">Filtro passa baixa com resson\u00e2ncia \u00e9 um charme em nosso plug-in, o primeiro controle desse efeito determina o tipo de filtro ao ser usado, o segundo controle a frequ\u00eancia alcan\u00e7ada pelo filtro. <\/span><\/p>\r\n<p><span style=\"color: #333333;\">O terceiro controle funciona apenas com no mode <em>Resony\u00a0<\/em>e controla a intensidade da resson\u00e2ncia. <\/span><\/p>\r\n<p><span style=\"color: #333333;\">Por \u00faltimo um controle geral de volume que vai de -12db a +12db<\/span><\/p>\r\n<p>&nbsp;<\/p>\r\n<p><iframe loading=\"lazy\" title=\"AudioFB Daga&#039;s Stripteaser REVIEW\" width=\"1440\" height=\"810\" src=\"https:\/\/www.youtube.com\/embed\/QLUPOY-w5TY?feature=oembed\" frameborder=\"0\" allow=\"accelerometer; autoplay; clipboard-write; encrypted-media; gyroscope; picture-in-picture; web-share\" referrerpolicy=\"strict-origin-when-cross-origin\" allowfullscreen><\/iframe><\/p>\r\n<p>&nbsp;<\/p>\r\n<h6 class=\"p1\"><span style=\"color: #333333;\"><em>\u201cConseguimos junto com a AudioFB reunir tudo o q eu mais uso nas minhas mixagens nesse Plug-in. Al\u00e9m de ser super vers\u00e1til ainda traz uma sonoridade mais moderna para as minhas produ\u00e7\u00f5es.\u201d<\/em> <\/span><\/h6>\r\n<p class=\"p1\"><span style=\"color: #333333;\">Giu Daga &#8211; Produtor Musical \/ Engenheiro de mixagem e grava\u00e7\u00e3o (Midas Studios) <\/span><\/p>\r\n<p>&nbsp;<\/p>\r\n<h6 class=\"p1\"><span style=\"color: #333333;\"><em>\u201cTemos o maior orgulho de ter conseguido desenvolver junto com a AudioFB o primeiro plugin nacional com nossa assinatura e com a nossa personalidade, cheio de possibilidades e muito vers\u00e1til\u201d<\/em><\/span><\/h6>\r\n<p class=\"p1\"><span style=\"color: #333333;\">Adriano Daga &#8211; Produtor Musical \/ Engenheiro de mixagem e grava\u00e7\u00e3o (Selo Daga Music House)<\/span><\/p>\r\n<p>&nbsp;<\/p>\r\n<p class=\"p1\"><span style=\"color: #333333;\"> Todos os Plug-ins est\u00e3o dispon\u00edveis para MAC OSX e Windows. Os instaladores cont\u00eam plug-ins <b>64 bit<\/b> e est\u00e3o dispon\u00edveis os seguintes formatos:<\/span><\/p>\r\n<p>\u00a0 VST \/ VST3 \/ AU \/ AAX para Windows. VST \/ VST3 \/ AAX para Mac.<\/p>\r\n<p class=\"p1\"><span style=\"color: #333333;\"><\/span><\/p>\r\n<p>&nbsp;<\/p>\r\n<ul>\r\n<li class=\"p1\" style=\"text-align: left;\"><span style=\"color: #333333;\">\u00a0Internet requerida para ativa\u00e7\u00e3o.<\/span><\/li>\r\n<li class=\"p1\" style=\"text-align: left;\"><span style=\"color: #333333;\">\u00a0Sistema minimo requerido: <strong>Win 8.1 \/ OSX 10.13<\/strong><\/span><\/li>\r\n<li style=\"text-align: left;\"><span style=\"color: #333333;\">\u00a0D\u00favidas? Sugest\u00f5es? Envie um email para <a style=\"color: #333333;\" href=\"mailto:salve@audiofb.com\"><span class=\"s1\">salve@audiofb.com<\/span><\/a><\/span><\/li>\r\n<\/ul>\r\n<p>&nbsp;<\/p>\r\n<hr \/>\r\n<p><span style=\"color: #333333;\">\u00a0<\/span> \u00a0<\/p>","protected":false},"excerpt":{"rendered":"<p>\u00a0 Daga&#8217;s StripTeaser is a channelstrip developed for all styles of mixing. Designed by producer brothers Adriano and Giu Daga in partnership with AudioFB, StripTeaser becomes the first Brazilian plug-in to be signed by major music producers. &nbsp; The Stripteaser has a multi-effect rack with: 4-band equalizer, where the extreme bands can be switched to [&hellip;]<\/p>\n","protected":false},"featured_media":40453,"comment_status":"closed","ping_status":"closed","template":"","meta":[],"product_cat":[22],"product_tag":[],"_links":{"self":[{"href":"https:\/\/audiofb.com\/home\/wp-json\/wp\/v2\/product\/18700"}],"collection":[{"href":"https:\/\/audiofb.com\/home\/wp-json\/wp\/v2\/product"}],"about":[{"href":"https:\/\/audiofb.com\/home\/wp-json\/wp\/v2\/types\/product"}],"replies":[{"embeddable":true,"href":"https:\/\/audiofb.com\/home\/wp-json\/wp\/v2\/comments?post=18700"}],"wp:featuredmedia":[{"embeddable":true,"href":"https:\/\/audiofb.com\/home\/wp-json\/wp\/v2\/media\/40453"}],"wp:attachment":[{"href":"https:\/\/audiofb.com\/home\/wp-json\/wp\/v2\/media?parent=18700"}],"wp:term":[{"taxonomy":"product_cat","embeddable":true,"href":"https:\/\/audiofb.com\/home\/wp-json\/wp\/v2\/product_cat?post=18700"},{"taxonomy":"product_tag","embeddable":true,"href":"https:\/\/audiofb.com\/home\/wp-json\/wp\/v2\/product_tag?post=18700"}],"curies":[{"name":"wp","href":"https:\/\/api.w.org\/{rel}","templated":true}]}}