{"id":2697,"date":"2019-12-16T05:21:29","date_gmt":"2019-12-16T08:21:29","guid":{"rendered":"http:\/\/audiofb.com\/?page_id=2697"},"modified":"2024-07-21T19:28:50","modified_gmt":"2024-07-21T22:28:50","slug":"faq","status":"publish","type":"page","link":"https:\/\/audiofb.com\/home\/faq\/","title":{"rendered":"faq"},"content":{"rendered":"\n<p><\/p>\n\n\n\n<p><\/p>\n\n\n\n<p>Technical Information and Support EN:<\/p>\n\n\n\n<p><br>Plug-ins were tested on OSX 10.10 \/ 11\/12\/13 and Windows 8.1\/10 systems.<\/p>\n\n\n\n<p>12.19 \u2013 The tests were successful on DAWs Pro Tools, Ableton Live, Logic, Cubase and Reaper and FL Studio.<\/p>\n\n\n\n<p>12.19 \u2013 The AU versions of the plug-ins can show some problems on OSX 10.13 in Logic X and GaragebandI If it happens, please contact us at salve@audiofb.com to offer the necessary support.<\/p>\n\n\n\n<p>12.19 \u2013 Plug-ins activation can be done by a \u2018serial number\u2019 informed after the purchase. If number is exceeded, contact us at salve@audiofb.com or audiofusionbureau@gmail.com to we understand your needs.<\/p>\n\n\n\n<p>12.19 \u2013 Soon we will open an \u2018FAQ\u2019 page to answer possible questions about plug-ins installation and operation.&nbsp;<\/p>\n\n\n\n<p>01.20 \u2013 When clicking on ACTIVATE button in validation application, you should return a message confirming the data for the validation. If this message takes longer to return, wait a few minutes and try again. It may be a communication error with the server.<\/p>\n\n\n\n<p>02.20 \u2013 On some OSX systems like 10.14 or 10.15, when installing the plug-in you may receive the message \u201cThis installer can\u2019t be opened because Apple cannot check it for malicious software\u201d. To be able to install the software click with right mouse button and click \u201copen\u201d.You will see warning again yet, but this time \u201copen\u201d option will appear in the window. Click and be happy!&nbsp;<\/p>\n\n\n\n<figure class=\"wp-block-embed\"><div class=\"wp-block-embed__wrapper\">\nhttps:\/\/support.focusrite.com\/hc\/en-gb\/articles\/360009779240\u2013This-installer-can-t-be-opened-because-Apple-cannot-check-it-for-malicious-software-\n<\/div><\/figure>\n\n\n\n<p>04.20 \u2013 The latest update ford Blanka plug-in has fixed an error for activation on Windows 8.1 and 10 systems. If the activation window is not opened when clicking on any area of the plug-in, open the \u2018safe.exe\u2019 application inside the folder where the plug-in was installed. This manual update can also work on Window 7. But remembering that the minimum configuration recommendation is Windows 8.1 UPDATED.<\/p>\n\n\n\n<p>03.21 \u2013 Updated plug-ins with AAX format for Windows<\/p>\n\n\n\n<hr class=\"wp-block-separator\"\/>\n\n\n\n<p><\/p>\n\n\n\n<p>Informa\u00e7\u00f5es t\u00e9cnicas e Suporte PT(BR):<\/p>\n\n\n\n<p><br>Os Plug-ins foram testados nos sistemas OSX 10.10\/11\/12\/13 e Windows 8.1\/10.<br><br>12.19 &#8211; Os testes foram bem sucedidos nas DAWs Pro Tools, Ableton Live, Logic, Cubase e Reaper e FL Studio.<br><br>12.19 &#8211; As vers\u00f5es AU dos plug-ins podem apresentar alguns problemas no OSX 10.13 no Logic X e Garageband, caso aconte\u00e7a entre em contato pelo e-mail salve@audiofb.com para oferecermos o suporte necess\u00e1rio.<br><br>12.19 &#8211; A ativa\u00e7\u00e3o dos plug-ins \u00e9 feita por um \u2018serial number\u2019 informado ap\u00f3s efetuada a compra, se o numero de ativa\u00e7\u00e3o for excedido entre em contato pelo e-mail salve@audiofb.com ou audiofusionbureau@gmail.com para que possamos entender a sua necessidade.<br><br>12.19 &#8211; Em breve abriremos uma p\u00e1gina de \u2018FAQ\u2019 para responder poss\u00edveis quest\u00f5es sobre a instala\u00e7\u00e3o e funcionamento dos plug-ins.<br><br>01.19 &#8211; Ao clicar no bot\u00e3o ACTIVATE no aplicativo de valida\u00e7\u00e3o, deve retornar uma mensagem confirmando os dados para a valida\u00e7\u00e3o, caso essa mensagem demore para retornar, aguarde alguns minutos e tente novamente. Pode ser algum erro de comunica\u00e7\u00e3o com o servidor.<\/p>\n\n\n\n<p>02.19 &#8211; Em alguns sistemas OSX como 10.14 ou 10.15, na instala\u00e7\u00e3o do plug-in voc\u00ea pode receber a mensagem &#8220;This installer can&#8217;t be opened because Apple cannot check it for malicious software&#8221;. Para conseguir instalar o software clique com o bot\u00e3o direito do mouse e clique em &#8220;abrir&#8221;, voc\u00ea ver\u00e1 o aviso novamente, mas dessa vez aparecer\u00e1 a op\u00e7\u00e3o &#8220;abrir&#8221; na janela. Clique e seja feliz! \ud83d\ude42<br><br><a href=\"https:\/\/support.focusrite.com\/hc\/en-gb\/articles\/360009779240--This-installer-can-t-be-opened-because-Apple-cannot-check-it-for-malicious-software-\">https:\/\/support.focusrite.com\/hc\/en-gb\/articles\/360009779240&#8211;This-installer-can-t-be-opened-because-Apple-cannot-check-it-for-malicious-software-<\/a><\/p>\n\n\n\n<p>04.20 &#8211; A \u00faltima atualiza\u00e7\u00e3o do plug-in Blanka corrigiu um erro para ativa\u00e7\u00e3o nos sistemas Windows 8.1 e 10. Se a janela de ativa\u00e7\u00e3o n\u00e3o for aberta ao clicar em qualquer \u00e1rea do plug-in, abra o aplicativo &#8216;safe.exe&#8217; dentro da pasta onde foi instalado o plug-in. Essa atualiza\u00e7\u00e3o manual tamb\u00e9m pode funcionar no Window 7. Mas lembrando que a recomenda\u00e7\u00e3o de configura\u00e7\u00e3o m\u00ednima \u00e9 Windows 8.1 ATUALIZADO.<\/p>\n\n\n\n<p>03.21 &#8211; Plug-ins atualizados com formato AAX para Windows<\/p>\n","protected":false},"excerpt":{"rendered":"<p>Technical Information and Support EN: Plug-ins were tested on OSX 10.10 \/ 11\/12\/13 and Windows 8.1\/10 systems. 12.19 \u2013 The tests were successful on DAWs Pro Tools, Ableton Live, Logic, Cubase and Reaper and FL Studio. 12.19 \u2013 The AU versions of the plug-ins can show some problems on OSX 10.13 in Logic X and [&hellip;]<\/p>\n","protected":false},"author":1,"featured_media":0,"parent":0,"menu_order":0,"comment_status":"closed","ping_status":"closed","template":"","meta":[],"_links":{"self":[{"href":"https:\/\/audiofb.com\/home\/wp-json\/wp\/v2\/pages\/2697"}],"collection":[{"href":"https:\/\/audiofb.com\/home\/wp-json\/wp\/v2\/pages"}],"about":[{"href":"https:\/\/audiofb.com\/home\/wp-json\/wp\/v2\/types\/page"}],"author":[{"embeddable":true,"href":"https:\/\/audiofb.com\/home\/wp-json\/wp\/v2\/users\/1"}],"replies":[{"embeddable":true,"href":"https:\/\/audiofb.com\/home\/wp-json\/wp\/v2\/comments?post=2697"}],"version-history":[{"count":19,"href":"https:\/\/audiofb.com\/home\/wp-json\/wp\/v2\/pages\/2697\/revisions"}],"predecessor-version":[{"id":79482,"href":"https:\/\/audiofb.com\/home\/wp-json\/wp\/v2\/pages\/2697\/revisions\/79482"}],"wp:attachment":[{"href":"https:\/\/audiofb.com\/home\/wp-json\/wp\/v2\/media?parent=2697"}],"curies":[{"name":"wp","href":"https:\/\/api.w.org\/{rel}","templated":true}]}}